ided by z(3).
15
Let a be (-24 + -2)*44/(-8). Suppose t - 5*y = -2*y + 37, -5*t + a = -y. Calculate the remainder when t is divided by -1 - 0 - (3 - 14).
8
Let x(v) = -v**2 - 7*v - 4. Let y be x(-6). Suppose 4*o - 2 = 2*q, 0 = -y*o - 3*q - 3. Suppose o = -3*l + 6 + 21. What is the remainder when 16 is divided by l?
7
Let v(z) = -z + 15. What is the remainder when 75 is divided by v(4)?
9
Suppose -r + 13 = 1. Calculate the remainder when -1 + r/3 - 1 is divided by 2.
0
Let m = 32 - 19. What is the remainder when 50 is divided by m?
11
Suppose -3*x - 1 = -64. Let j = -15 + x. Let p(r) = -r**2 + 10*r - 9. Calculate the remainder when 43 is divided by p(j).
13
Suppose 5*d + 4*j - 27 = 0, -4*j + 20 = 3*d - 1. Let y(h) = -h**2 + 6*h + 4. What is the remainder when 25 is divided by y(d)?
12
Let n = -8 - -12. What is the remainder when 15 is divided by n?
3
Let w(v) = -2*v**3 + 2 + 4*v + 12*v**2 - 4*v**2 + 3*v**3. Let t(j) = 2*j**2 - 3*j - 2. What is the remainder when w(-3) is divided by t(-2)?
11
Suppose 0 = -2*o - 3*i + 203, i = -0*o - 2*o + 197. Suppose -4*r + 43 + o = 0. What is the remainder when r is divided by 12?
11
Let k(y) = -2*y**2 + 12*y - 5. Calculate the remainder when k(5) is divided by 3.
2
Let x(k) = 14*k - 2. Let g be x(2). Let y = 47 - g. Calculate the remainder when y is divided by 11.
10
Suppose 0 = 3*d - 5*x - 48, -4*d + 62 = 4*x - 2. Calculate the remainder when d is divided by 10.
6
Suppose 15 = 10*a - 5. Let v = 5 - 2. Calculate the remainder when v is divided by a.
1
Calculate the remainder when -5 + 4 + 59 + -1 is divided by 12.
9
Suppose -v - v = -182. Let r = v + -51. Suppose -2*c + r = 4*m, 3*m = 4*c - 3*c - 10. What is the remainder when 30 is divided by c?
14
Suppose 0 = o - 3*o + 8. Calculate the remainder when 5 is divided by o.
1
Let f be 3/(-9) + (-28)/(-12). Let a be (-3)/f - 14/(-4). Suppose 5*m + a*h - 10 = 0, -m = -0*m - 4*h - 24. Calculate the remainder when 11 is divided by m.
3
Let k = -6 - 14. Let r be ((-2)/(-2))/(4/k). Let i = 9 + r. Calculate the remainder when 10 is divided by i.
2
Let m be ((-10)/25)/((-4)/20). Let n(a) = 3*a - 1. Let g = 6 + 2. Calculate the remainder when g is divided by n(m).
3
Suppose 4*c - 39 = 3*r + 34, -64 = -2*c - 4*r. Suppose -3*q + 5*g = -61, 4 = q + 3*g + 7. What is the remainder when c is divided by q?
10
Suppose -3*f - 3*f = -96. What is the remainder when f is divided by 8?
0
Let n(l) = 15*l**2 + 2*l. What is the remainder when n(-2) is divided by (3 - 1) + -3 - -20?
18
Let j be (-13)/(-2) + 8/(-16). Suppose 0*k = 2*k - j. Calculate the remainder when 8 is divided by k.
2
Suppose -6 = 2*u, 7*u - 2*u = 2*h - 253. What is the remainder when h is divided by 25?
19
Suppose 0 = -17*r + 7 + 588. Calculate the remainder when r is divided by 10.
5
Suppose 4*t + 10 = -2*q, -2*t + 3 + 1 = 4*q. Suppose 4*c = 2*f - 22, -2*f + 41 = 2*f - 5*c. Let k = t + f. What is the remainder when 8 is divided by k?
3
Let l = -273 + 422. What is the remainder when l is divided by 30?
29
Suppose -3*q = 2*q - 225. Let p be 68/(-5) + 2/(-5). Calculate the remainder when q is divided by (-4)/p + 164/14.
9
Let b be 1/((-3 + 2)*1). Let u = b - -4. Suppose -3*k + 10 = 2*k. Calculate the remainder when u is divided by k.
1
Let x be 4/(-14) + (-4)/(-14). Suppose 3*w - 35 = -o, x = -4*w - 5*o + 38 + 27. Let q = 8 + -4. Calculate the remainder when w is divided by q.
2
Suppose 4*z + 382 = 5*a, -3*a - z = -5*z - 234. Suppose -6 = 2*g - 56. What is the remainder when a is divided by g?
24
Suppose -13 = -2*y - 3*k + 18, 2*y - 3*k - 1 = 0. Suppose y = -2*v + 18. What is the remainder when 9 is divided by v?
4
Let g be 3/(-1)*16/(-24). Suppose 2*i + g = 18. Calculate the remainder when i is divided by 5.
3
Calculate the remainder when (0 + (-396)/16)/((-1)/4) is divided by 17.
14
Let f(b) = -b**3 - 8*b**2 + 10*b. Let j be f(-9). Let y = j - -14. What is the remainder when 18 is divided by y?
3
Calculate the remainder when -5*5/((-50)/52) is divided by 9.
8
Let w be 6/3*1 + 107. Let t be -1 + (-1 - 1) - -5. Suppose 43 = -t*a + w. Calculate the remainder when a is divided by 9.
6
Suppose -4*p + 984 = 256. Suppose 5*b - v + 3*v = 286, -3*b = -4*v - p. What is the remainder when b is divided by 15?
13
Suppose 4*h + 4*o = 0, 3*h = 2*h - 3*o - 10. Suppose 0 = -3*v - 6, 3*v = -3*l + 4*v + 59. Calculate the remainder when l is divided by h.
4
Suppose 8*a - 5*q - 185 = 3*a, 0 = 3*a + 5*q - 71. What is the remainder when 63 is divided by a?
31
Suppose -98*h + 96*h = -6. What is the remainder when 4 is divided by h?
1
Suppose 10 = 3*w + n, 0 = 4*w - n - 3 - 15. Suppose -d = -2*b + 19, b + 0*b - 20 = w*d. Calculate the remainder when 15 is divided by b.
7
Let b(r) = 4*r**3 + 2*r**2 - r. Calculate the remainder when b(1) is divided by 4.
1
Let w be 4/6*9/2. Suppose -k - 4*f + 26 = 0, -2*f = w*k + f - 42. What is the remainder when 28 is divided by k?
8
Suppose 0 = 4*b - w - 75, 42 + 43 = 4*b + w. Let i = -45 - -103. What is the remainder when i is divided by b?
18
Let v(j) = j**3 + 7*j**2. Let y be v(-7). Suppose 4*b + y*b + 16 = o, -48 = -3*o + 3*b. Calculate the remainder when 46 is divided by o.
14
Let n(i) = 6*i - 4*i**2 + 3*i**2 - 4*i**2 + 6*i**2 + 5. Calculate the remainder when n(-6) is divided by 3.
2
Suppose -2 = -2*r + 16. Calculate the remainder when 34 is divided by r.
7
Let g = -168 - -221. What is the remainder when 210 is divided by g?
51
Let i(t) = 5*t + 23. Calculate the remainder when i(15) is divided by 9.
8
Suppose -4*p = -0*p - 5*s - 59, 4*p - 38 = -2*s. Let t(w) = -w**2 - 11*w - 4. Let h be 54/(-7) - 4/14. Calculate the remainder when t(h) is divided by p.
9
Let b be 2 + 2 + -2 - -218. Let p = b + -145. What is the remainder when p is divided by 26?
23
Suppose 0 = -3*w - 6 + 33. Let f = 0 - -16. Calculate the remainder when f is divided by w.
7
Let d = 51 + -27. Calculate the remainder when 93 is divided by d.
21
Suppose 5*u - 99 = -2*w + 96, u = -3*w + 26. What is the remainder when u is divided by 15?
11
Let m = -6 + 11. Calculate the remainder when 17 is divided by m.
2
Suppose 3*f - g = 174, 2*f + 2*g = -3*f + 279. Calculate the remainder when f is divided by 29.
28
Let i = -14 - -34. Suppose 4*q - i - 8 = 0. What is the remainder when 13 is divided by q?
6
What is the remainder when 58 is divided by (60/(-45))/(1/(-15))?
18
Let g(z) = z**2 + 7*z + 10. Let l be g(-6). Suppose y = -w + 11, l*w - 2 = 14. What is the remainder when 25 is divided by y?
4
Let j be (-1 - 0)/((-2)/16). Suppose j*y - 9 = 7*y. Let u = -1 - -6. What is the remainder when y is divided by u?
4
Suppose 3*s = 5*d + 171, 0*s + 2*s - 5*d - 114 = 0. Calculate the remainder when s is divided by 12.
9
Let b = -170 - -333. What is the remainder when b is divided by 41?
40
Suppose 0 = -5*d + 3*z + 10, 0 = 3*d - 0*d - 3*z - 6. Let c(w) = -8*w**2 - w**d - w**3 + 7 - 3*w + 2*w. Calculate the remainder when 31 is divided by c(-9).
15
Let s(t) = t - 1. Let x be s(4). Suppose 4*h - x*h - 2 = 0. Calculate the remainder when 46/4 + (-1)/h is divided by 3.
2
Let i(s) = -s**3 - 6*s**2 + 5*s + 4. Suppose -u = -6*z + 3*z + 72, 2*z - 43 = -u. Suppose 5*g - z = 237. What is the remainder when g is divided by i(-7)?
16
Let f = -16 - -19. Suppose f*u = -c + 8, -2*u + 0 - 12 = 5*c. What is the remainder when 5 is divided by u?
1
Suppose 3*c - 2*d - 33 = 19, 4*d - 96 = -4*c. Calculate the remainder when c is divided by 7.
6
Let j(d) = d**3 - 4*d**2 + d + 10. Suppose 3*n = 8 - 2. Let c = 5 + n. Calculate the remainder when c is divided by j(3).
3
Suppose 0 - 2 = -2*j. Suppose -22 = -i - j. Calculate the remainder when 37 is divided by 4/(i/15 + -1).
7
Let x(f) = -6*f - 8. Suppose -2*w = -5*w + 18. Suppose w*j - 63 = 3*j. What is the remainder when x(-8) is divided by j?
19
Suppose -3*j - 8 = -5*j, 42 = 2*a + 2*j. What is the remainder when a is divided by 10?
7
Let w(p) = -33*p + 23. Calculate the remainder when w(-4) is divided by 13.
12
Suppose 0 = 3*m - 2*m. Suppose m*a = -a + 33. Calculate the remainder when a is divided by 9.
6
Suppose -39 = -4*y + y. Calculate the remainder when 25 is divided by y.
12
Let c = -194 + 284. What is the remainder when c is divided by 31?
28
Let l = -11 - -14. Suppose -l*b = -7*b + 88. What is the remainder when b is 